of 65 and 10595?
65
What is the greatest common factor of 1731 and 1065719?
577
Calculate the greatest common divisor of 72456 and 96.
24
What is the highest common divisor of 3 and 27846?
3
Calculate the highest common factor of 4023 and 3725.
149
Calculate the greatest common divisor of 17177 and 89.
89
Calculate the greatest common factor of 1975 and 70750.
25
What is the highest common factor of 52 and 36956?
4
Calculate the greatest common factor of 166281 and 86.
43
Calculate the highest common factor of 5063268 and 21.
21
Calculate the highest common factor of 2820 and 8413.
47
Calculate the highest common factor of 998128 and 32.
16
What is the greatest common factor of 3280 and 157604?
164
Calculate the highest common factor of 21 and 383544.
21
Calculate the greatest common divisor of 13684 and 424826.
622
What is the greatest common factor of 264 and 759?
33
What is the highest common factor of 95 and 336908?
19
Calculate the greatest common divisor of 51793 and 294.
49
What is the highest common factor of 721 and 878899?
721
Calculate the highest common divisor of 1104 and 2753928.
552
What is the highest common factor of 425 and 391?
17
Calculate the highest common divisor of 502929 and 540.
27
What is the greatest common factor of 2211060 and 90?
30
Calculate the greatest common divisor of 34038 and 1023.
93
What is the highest common factor of 248 and 2762782?
62
Calculate the highest common divisor of 882 and 552426.
294
Calculate the greatest common factor of 665994 and 2020.
202
Calculate the greatest common divisor of 372 and 33666.
186
What is the greatest common factor of 741180 and 300?
60
What is the highest common factor of 714 and 81606?
42
What is the highest common factor of 188680 and 3115?
445
What is the greatest common divisor of 265 and 1159852?
53
What is the greatest common divisor of 88 and 8530280?
88
What is the greatest common factor of 216 and 1350?
54
What is the highest common factor of 135 and 838530?
45
What is the greatest common divisor of 45907 and 725?
29
Calculate the highest common divisor of 51738 and 6.
6
Calculate the greatest common factor of 165 and 176715.
165
Calculate the highest common divisor of 3410 and 2071234.
682
Calculate the greatest common divisor of 816 and 107808.
48
What is the highest common factor of 180 and 1285?
5
Calculate the greatest common factor of 256312 and 597.
199
Calculate the highest common factor of 1132 and 13301.
283
What is the greatest common divisor of 125087 and 86?
43
Calculate the highest common divisor of 96 and 1037184.
96
What is the highest common factor of 1376004 and 189?
21
Calculate the highest common factor of 1404 and 20124.
468
Calculate the highest common factor of 49493 and 43.
43
What is the greatest common factor of 178373 and 26?
13
What is the highest common factor of 1674 and 27576?
18
Calculate the highest common divisor of 112070 and 30.
10
What is the greatest common factor of 86730 and 590?
590
Calculate the highest common factor of 35711 and 169.
13
What is the greatest common divisor of 98812 and 476?
28
Calculate the highest common divisor of 329 and 6748.
7
What is the highest common factor of 27830 and 50?
10
What is the highest common factor of 2259 and 193521?
753
Calculate the greatest common factor of 19358 and 8.
2
Calculate the greatest common factor of 5300 and 150.
50
Calculate the highest common factor of 20241 and 5382.
117
What is the highest common factor of 8439786 and 306?
306
Calculate the greatest common divisor of 118047 and 654.
327
What is the highest common divisor of 1271088 and 2808?
936
What is the highest common factor of 130 and 57525?
65
Calculate the highest common divisor of 96936 and 2856.
168
Calculate the highest common factor of 174 and 2538080.
58
Calculate the highest common factor of 385 and 233695.
385
Calculate the highest common divisor of 1172360 and 53.
53
What is the greatest common factor of 7798135 and 895?
895
Calculate the greatest common divisor of 17806523 and 469.
469
What is the greatest common factor of 160 and 266780?
20
Calculate the highest common factor of 808 and 10201.
101
Calculate the greatest common divisor of 13823 and 713.
23
Calculate the greatest common factor of 13328 and 3822.
98
Calculate the greatest common divisor of 1804 and 164410.
82
What is the highest common divisor of 1656 and 135608?
184
Calculate the greatest common factor of 1694 and 15554.
154
What is the greatest common divisor of 785967 and 65?
13
What is the highest common divisor of 363721 and 1306?
653
What is the highest common factor of 983629 and 79?
79
What is the highest common factor of 347595 and 15?
15
Calculate the highest common divisor of 10557 and 37329.
69
What is the greatest common divisor of 2 and 1246862?
2
Calculate the highest common divisor of 664 and 3880.
8
Calculate the highest common divisor of 1782702 and 108.
54
What is the greatest common divisor of 448 and 10432?
64
Calculate the highest common divisor of 306918 and 236.
118
What is the greatest common factor of 2395 and 500?
5
Calculate the greatest common factor of 59110 and 460.
230
What is the greatest common divisor of 22 and 2009?
1
What is the highest common factor of 3 and 27449?
1
Calculate the highest common factor of 16230 and 628101.
1623
What is the highest common divisor of 360855 and 1815?
165
What is the greatest common factor of 1417 and 858?
13
Calculate the greatest common divisor of 6 and 17421.
3
Calculate the highest common divisor of 294 and 55713.
147
Calculate the greatest common divisor of 73659 and 13287.
129
Calculate the greatest common divisor of 71136 and 1729.
247
What is the highest common divisor of 3549 and 728?
91
Calculate the highest common divisor of 128570 and 46483.
989
What is the highest common factor of 8798452 and 2152?
1076
What is the highest common divisor of 4 and 642156?
4
What is the greatest common divisor of 46375 and 126000?
875
What is the greatest common divisor of 13 and 1383863?
13
What is the greatest common factor of 88674 and 6?
6
What is the highest common factor of 171 and 2000529?
171
What is the highest common factor of 108 and 53793?
9
What is the greatest common factor of 300 and 84540?
60
Calculate the greatest common divisor of 65610 and 5535.
135
Calculate the greatest common divisor of 938 and 1498.
14
Calculate the greatest common divisor of 60648 and 57.
57
What is the highest common factor of 2160 and 37845?
45
Calculate the highest common divisor of 5560 and 40.
40
What is the greatest common divisor of 9 and 826659?
9
What is the highest common divisor of 30436 and 42?
14
What is the highest common divisor of 3388 and 113036?
308
What is the highest common divisor of 274967 and 55?
11
Calculate the greatest common factor of 14913 and 18.
9
Calculate the greatest common divisor of 3986829 and 3465.
693
What is the highest common divisor of 7254 and 75361?
403
Calculate the highest common divisor of 5856 and 4728.
24
What is the greatest common factor of 75 and 432?
3
What is the highest common divisor of 40896 and 128?
64
Calculate the highest common divisor of 12898 and 2.
2
Calculate the highest common divisor of 23915 and 20.
5
Calculate the greatest common factor of 51510 and 20.
10
Calculate the greatest common divisor of 18285 and 101760.
795
What is the highest common divisor of 49709 and 44?
11
Calculate the greatest common divisor of 451152 and 1446.
1446
What is the highest common divisor of 511 and 929728?
73
What is the highest common factor of 123 and 167977?
41
Calculate the greatest common divisor of 68 and 14246.
34
What is the highest common divisor of 187 and 408969?
187
Calculate the greatest common factor of 63359 and 153.
17
What is the highest common factor of 8555800 and 44?
44
Calculate the greatest common divisor of 25864 and 22936.
488
Calculate the greatest common factor of 3008 and 98512.
752
Calculate the highest common divisor of 15483855 and 51.
51
What is the highest common divisor of 330157 and 34?
17
Calculate the highest common divisor of 23084 and 3828.
116
What is the greatest common factor of 41219 and 141?
47
Calculate the greatest common factor of 1156744 and 16.
8
Calculate the highest common divis